70?
False
Does 308 divide 340183?
False
Is 7898700 a multiple of 100?
True
Is 71072 a multiple of 32?
True
Does 19 divide 58051?
False
Is 93 a factor of 1598082?
False
Is 443713 a multiple of 30?
False
Does 509 divide 60806?
False
Is 270 a factor of 370913?
False
Is 9 a factor of 97047?
True
Is 10370228 a multiple of 313?
False
Is 1672 a multiple of 44?
True
Does 28 divide 34692?
True
Is 215 a factor of 2603355?
False
Is 8 a factor of 1908860?
False
Does 390 divide 690300?
True
Is 1359918 a multiple of 21?
True
Does 81 divide 1184217?
False
Is 96646 a multiple of 2?
True
Is 33 a factor of 2525522?
False
Does 7 divide 217672?
True
Is 744742 a multiple of 313?
False
Is 360 a factor of 946666?
False
Is 126 a factor of 366810?
False
Is 890915 a multiple of 79?
False
Is 9 a factor of 12033?
True
Does 33 divide 3440613?
True
Is 1419154 a multiple of 241?
False
Does 166 divide 1053602?
True
Is 91 a factor of 122486?
True
Does 23 divide 197386?
True
Is 213868 a multiple of 3?
False
Does 313 divide 6995052?
False
Is 477 a factor of 512298?
True
Is 16 a factor of 8731?
False
Is 3238510 a multiple of 499?
True
Is 83 a factor of 1118840?
True
Is 1507375 a multiple of 389?
True
Is 10752 a multiple of 96?
True
Does 97 divide 88464?
True
Is 78 a factor of 21548?
False
Does 43 divide 64328?
True
Does 24 divide 5664?
True
Does 395 divide 14220?
True
Is 11 a factor of 56111?
True
Does 106 divide 1031091?
False
Is 153 a factor of 236538?
True
Does 129 divide 9112818?
True
Does 1139 divide 5833422?
False
Does 4 divide 1968153?
False
Is 1038726 a multiple of 13?
True
Does 918 divide 1885572?
True
Is 213181 a multiple of 246?
False
Is 2077095 a multiple of 59?
True
Does 37 divide 6398?
False
Is 7197681 a multiple of 50?
False
Is 313 a factor of 7888251?
False
Does 26 divide 2190786?
True
Is 964711 a multiple of 11?
True
Does 931 divide 8199317?
True
Is 9750 a multiple of 88?
False
Is 177 a factor of 108855?
True
Does 12 divide 191172?
True
Is 614375 a multiple of 25?
True
Is 1150695 a multiple of 34?
False
Does 143 divide 2763618?
True
Is 121940 a multiple of 335?
True
Does 1186 divide 27206840?
True
Is 28 a factor of 10196172?
True
Is 296184 a multiple of 7?
True
Is 818445 a multiple of 11?
False
Does 17 divide 769607?
True
Is 10500 a multiple of 19?
False
Is 13 a factor of 72801?
False
Is 5076642 a multiple of 17?
True
Does 61 divide 3070313?
True
Is 133 a factor of 5461669?
False
Does 49 divide 1372479?
False
Does 379 divide 2480176?
True
Does 3 divide 1114216?
False
Does 296 divide 48248?
True
Does 130 divide 1331460?
True
Is 26 a factor of 36802?
False
Is 583127 a multiple of 25?
False
Is 114 a factor of 34231920?
True
Is 9271 a multiple of 5?
False
Is 12 a factor of 1564139?
False
Does 20 divide 2768861?
False
Is 173 a factor of 3717424?
True
Does 283 divide 1753?
False
Does 176 divide 553520?
True
Is 2097740 a multiple of 12?
False
Does 4 divide 12865?
False
Does 124 divide 1298840?
False
Is 4 a factor of 51539?
False
Does 13 divide 916083?
False
Is 153 a factor of 38505?
False
Is 26 a factor of 133800?
False
Is 124542 a multiple of 407?
True
Does 19 divide 112119?
True
Does 11 divide 213645?
False
Does 18 divide 439272?
True
Is 568052 a multiple of 7?
False
Is 13 a factor of 653047?
False
Does 28 divide 4006492?
True
Is 69293 a multiple of 521?
True
Does 3 divide 74747?
False
Does 14 divide 573282?
False
Is 7 a factor of 31576?
False
Does 410 divide 319800?
True
Is 20 a factor of 82584?
False
Is 188278 a multiple of 131?
False
Is 52 a factor of 176904?
True
Is 6787846 a multiple of 134?
False
Is 214 a factor of 5785062?
True
Is 9 a factor of 74592?
True
Is 567 a factor of 109238?
False
Is 35 a factor of 929593?
False
Is 1816 a factor of 2505320?
False
Is 18 a factor of 150880?
False
Is 11 a factor of 256201?
True
Does 125 divide 241250?
True
Is 4544445 a multiple of 31?
True
Is 39 a factor of 118911?
True
Is 1130651 a multiple of 769?
False
Does 25 divide 80846?
False
Does 27 divide 91611?
True
Is 917503 a multiple of 12?
False
Is 17 a factor of 729618?
False
Is 346120 a multiple of 170?
True
Is 331597 a multiple of 127?
True
Is 2051735 a multiple of 427?
True
Does 284 divide 32321472?
True
Is 8 a factor of 2106849?
False
Does 278 divide 404342?
False
Is 12 a factor of 242184?
True
Is 9 a factor of 141597?
True
Does 25 divide 129713?
False
Is 473473 a multiple of 13?
True
Is 690 a factor of 1613158?
False
Is 31190 a multiple of 518?
False
Is 45 a factor of 55876?
False
Is 123 a factor of 3943626?
True
Is 38 a factor of 628996?
False
Does 583 divide 2839039?
False
Is 1921 a multiple of 2?
False
Does 69 divide 13479211?
False
Does 769 divide 7394950?
False
Is 439 a factor of 295008?
True
Does 117 divide 273509?
False
Does 39 divide 66717?
False
Is 103124 a multiple of 116?
True
Is 97 a factor of 45016?
False
Does 108 divide 659448?
True
Is 18596 even?
True
Does 19 divide 344924?
False
Is 369 a factor of 114775?
False
Is 65 a factor of 292331?
False
Is 82 a factor of 7232236?
True
Does 34 divide 310255?
False
Does 44 divide 486661?
False
Does 209 divide 17138?
True
Is 5468181 a multiple of 989?
True
Does 3 divide 10795?
False
Is 40 a factor of 494840?
True
Is 3469971 a multiple of 1395?
False
Is 70 a factor of 725060?
True
Does 110 divide 76670?
True
Does 384 divide 500736?
True
Does 24 divide 1872432?
True
Does 48 divide 679248?
True
Is 449043 a multiple of 147?
False
Does 259 divide 229474?
True
Does 67 divide 165414?
False
Is 64 a factor of 468761?
False
Does 196 divide 124264?
True
Is 495 a factor of 2979405?
True
Is 165109 a multiple of 7?
True
Is 36 a factor of 82512?
True
Is 32 a factor of 22194577?
False
Does 6 divide 44058?
True
Is 16915 a multiple of 5?
True
Does 728 divide 501592?
True
Is 227124 a multiple of 324?
True
Does 9 divide 132858?
True
Is 740227 a multiple of 3?
False
Is 13 a factor of 3111351?
False
Does 7 divide 249428?
False
Is 80599 a multiple of 6?
False
Is 7 a factor of 875?
True
Is 93378 a multiple of 158?
True
Is 64 a factor of 15384?
False
Is 8295456 a multiple of 578?
True
Is 501 a factor of 2399289?
True
Does 453 divide 1833744?
True
Is 1035833 a multiple of 51?
False
Is 38 a factor of 705782?
False
Is 12594493 a multiple of 25?
False
Is 90 a factor of 51741?
False
Is 1352 a factor of 1215448?
True
Is 15947 a multiple of 431?
True
Does 16 divide 24245456?
True
Is 4 a factor of 1582300?
True
Does 121 divide 48373?
False
Is 422 a factor of 1821917?
False
Is 45 a factor of 40590?
True
Is 20012 a multiple of 36?
False
Does 6 divide 649743?
False
Does 4 divide 2294149?
False
Does 15 divide 205770?
True
Is 89 a factor of 176076?
False
Is 922719 a multiple of 2?
False
Does 178 divide 41118?
True
Is 11 a factor of 381526?
False
Is 5390564 a multiple of 1345?
False
Is 37632 a multiple of 64?
True
Is 157 a factor of 208237?
False
Does 5 divide 6773952?
False
Is 119 a factor of 529669?
True
Is 116 a factor of 185266?
False
Does 15 divide 498319?
False
Does 921 divide 1550964?
True
Is 378 a factor of 153442?
False
Is 10021914 a multiple of 21?
True
Is 16 a factor of 24142?
False
Does 34 divide 3346451?
False
Is 571542 even?
True
Is 2241746 a multiple of 10?
False
Is 97 a factor of 883864?
True
Is 37 a factor of 5851745?
False
Does 64 divide 816064?
True
Is 2848045 a multiple of 116?
False
Is 68 a factor of 4822971?
False
Does 94 divide 10456184?
True
Is 11939958 a multiple of 49?
False
Does 8 divide 289413?
False
Is 9 a factor of 140482?
False
Does 271 divide 12258075?
False
Is 50 a factor of 572434?
False
Is 53 a factor of 744813?
False
Is 665140 a multiple of 20?
True
Is 21559932 a multiple of 123?
True
Is 161 a factor of 8154167?
True
Is 13892081 a multiple of 77?
False
Does 37 divide 61127?
False
Does 6 divide 9749946?
True
Is 2814601 a multiple of 61?
True
Is 255 a factor of 46665?
True
Is 63 a factor of 246456?
True
Is 642610 a multiple of 359?
True
Does 2537 divide 26352774?
False
Is 18 a factor of 70084?
False
Does 29 divide 544504?
True
Does 252 divide 58212?
True
Is 93394 a multiple of 9?
False
Is 22648 a multiple of 11?
False
Does 519 divide 8419113?
False
Does 230 divide 402919?
False
Is 3235287 a multiple of 58?
False
Is 87 a factor of 1438471?
False
Does 281 divide 254211?
False
Is 4 a factor of 239144?
True
Is 63 a facto